reatest common factor of d and r?
9
Suppose 3*f + i = 0, 0 = -5*f - 5*i - 0*i - 10. Let u = f + 0. Let x be 10/(-5) - (-7 + 1). What is the greatest common divisor of x and u?
1
Suppose 4*m - g = 4*g + 26, -26 = -5*m + 3*g. Calculate the highest common divisor of 12 and m.
4
Let j(y) = 4*y**3 - y**2 + 4*y - 3. Let b be j(2). Let o = -51 - -54. Calculate the greatest common factor of o and b.
3
Let g(r) = 6*r**2 - r + 2. Let i be g(-2). Suppose 0 = 3*d - i - 17. What is the highest common divisor of d and 6?
3
Let j = -27 + 49. Calculate the highest common divisor of j and 11.
11
Suppose 6*v + 4*o = 5*v + 34, 0 = 4*v + 3*o - 149. Let g = -25 + v. Suppose -a = -g - 3. Calculate the greatest common factor of 80 and a.
16
Suppose -3*x + 42 = 3*x. Calculate the greatest common divisor of x and 35.
7
Let k = -22 - -35. Let v(o) = 53*o - 1. Let q be v(1). Calculate the greatest common factor of k and q.
13
Suppose 0 = 18*q - 15*q - 51. Calculate the greatest common factor of q and 187.
17
Suppose -1587 - 453 = -8*d. What is the highest common divisor of d and 51?
51
Suppose 0 = 5*o - 10. Calculate the greatest common factor of o and 4.
2
Suppose m = 3 + 4. Let g = 196 - 126. Calculate the highest common factor of m and g.
7
Suppose 3*b - 6*b = -243. Suppose 2*k + 5 = -2*v - 3, -4 = -3*k + v. Suppose -9 = -c - k*c. What is the greatest common divisor of c and b?
9
Let p(y) = -4*y - 34. Let z be p(-11). Calculate the greatest common factor of z and 25.
5
Suppose q - 538 = -3*t, -2*q - 2*q - 368 = -2*t. Let a = t - 103. What is the highest common divisor of a and 11?
11
Suppose 3*m = 2*m + 5, 5*m = -5*f + 75. Calculate the highest common factor of 15 and f.
5
Suppose -71 = -4*z + 109. What is the greatest common divisor of 5 and z?
5
Suppose i + 2 = -j - 2*i, 3*j + 14 = -5*i. Let q(t) = t + 4. Let o be q(-6). Let b be ((-3)/(-6))/(o/j). Calculate the greatest common factor of 22 and b.
2
Suppose -2*v + 6 = -2*z - 2, 11 = 2*v + z. Let r be 36/v + 4/(-20). What is the greatest common divisor of 49 and r?
7
Let a(z) = -z + 11. Let s be a(8). Let r(k) = 2*k**3 - 4*k**2 + k - 3. Let v be r(s). Calculate the highest common divisor of 90 and v.
18
Let z be -1 + 6 + -3 + 88. Calculate the highest common factor of z and 10.
10
Let o = 1 + 6. Let m(h) = 2*h**2 + 3*h - 5. Let y be m(-6). What is the greatest common factor of y and o?
7
Let l(p) = -p**3 - 5*p**2 + 8*p + 7. Let y be l(-6). Let t be (3 - 2) + (-1 - -7). Let v = y + t. What is the greatest common factor of v and 18?
2
Suppose -5*b - 69 = -449. Let c be (1 - (-52)/1) + 4 + -5. Let n = b - c. Calculate the highest common factor of 6 and n.
6
Let a(g) = -25*g - 4. Let b be a(-5). What is the highest common factor of 11 and b?
11
Let z = -5 - -10. Calculate the greatest common divisor of 25 and z.
5
Suppose -2*l - 1 - 3 = 0. Let a be (6/l)/(3/(-21)). Calculate the highest common divisor of a and 14.
7
Suppose -3*n + 5*g + 17 = 0, -n + 5*g + 0*g = 11. Let s be 1 + 1 - (1 - 1). Calculate the greatest common divisor of s and n.
2
Suppose -9*l + 715 = 4*l. Calculate the greatest common divisor of l and 22.
11
Let c(z) = -z + 209. Let y be c(0). Calculate the greatest common divisor of y and 19.
19
Suppose -i = -5*b, i - 22 = -4*b + 5. Let n = -28 - -33. What is the greatest common factor of n and i?
5
Suppose -2 = 4*u - b - 4, -5*b = 2*u - 12. What is the greatest common divisor of 2 and u?
1
Suppose -3*s = -0*s + 204. Let f = 30 + s. Let v = f + 74. What is the greatest common factor of v and 24?
12
Let o = -20 - -20. Suppose -4*t - 2*q + 42 = o, -q - 85 = -4*t - 34. Calculate the highest common divisor of t and 8.
4
Let k(a) = -a**3 + 4*a**2 + 3*a + 7. Let d be k(5). Let l = 0 - d. Suppose -9 = -z + l. What is the highest common divisor of 48 and z?
12
Suppose 0*v - 2*h - 20 = -v, 0 = -5*v - 2*h + 124. Calculate the highest common factor of v and 6.
6
Suppose 0 = 3*d - f - 12, f - 2 - 14 = -4*d. Let t = -42 + 46. What is the highest common divisor of t and d?
4
Let k(y) = y**3 + 7*y**2 + 8*y + 4. Let i be k(-4). Calculate the highest common divisor of 220 and i.
20
Let p be (-5)/(-15) + 62/(-6). Let l(x) = x**3 + 10*x**2 - 5*x - 8. Let k be l(p). Calculate the highest common divisor of 21 and k.
21
Suppose -4*y + 4*m + 204 = 0, -m - m = -y + 53. Suppose 68 = 2*g - 4*c, 4*c + c + y = g. Calculate the greatest common divisor of g and 8.
8
Suppose -i - 2856 = -4*i. Suppose 0 = d + 4*y - 110, -5*d + 4*y = 306 - i. Calculate the highest common divisor of d and 21.
21
Let v be 6/4*392/21. Let x be 50/12 - (-6)/(-36). Calculate the greatest common factor of v and x.
4
Let v(f) = f**3 - 9*f**2 + 9*f - 1. Let w be v(8). Let l = 5 + w. Let u(o) = 2*o - 4. Let j be u(4). What is the highest common divisor of j and l?
4
Suppose -8*b + 3*b = -3*z + 23, 5*b = -2*z + 57. Calculate the highest common factor of z and 48.
16
Suppose 6*x = 2*x - 4*p + 112, -x + 5*p + 4 = 0. Calculate the highest common divisor of x and 36.
12
Suppose -2*b - 16 = -2*y, -7*y = -2*y + 5*b - 80. What is the greatest common factor of 18 and y?
6
Let t = 53 + -23. Let r be (-1)/2 + 7/2. What is the highest common factor of t and r?
3
Let c(p) = 3*p**2 - 6*p - 40. Let w be c(8). Calculate the greatest common divisor of 8 and w.
8
Suppose -800*g = -808*g + 320. Suppose 3*v - 19 = 5*h, -h = -4*v + 37 - 6. Calculate the highest common divisor of g and v.
8
Let t = -26 + 36. What is the greatest common divisor of 15 and t?
5
Suppose 12*v = -4 + 568. What is the highest common factor of v and 235?
47
Let c be 2/10 + 88/10. Let z(l) = 48 + c*l + 0*l - 10*l. Let b be z(0). What is the greatest common divisor of 16 and b?
16
Let f(k) = 12*k + 15. Let t be f(2). What is the highest common factor of 26 and t?
13
Let h be -3 + 120/4 + 4. What is the highest common factor of 248 and h?
31
Suppose -16 = -2*f + 3*s, -3*s + 68 = f + 3*f. Let g be (-1)/(-1 + 13/f). Calculate the greatest common divisor of g and 28.
14
Let v = -6 - -9. Suppose 26 = 5*q + 2*g, 2*q + 5*g - g = 20. Suppose -5*o + 5*l = -15, q*o - 7 = l + 5. What is the highest common factor of o and v?
3
Let m be 2/2*(6 + 1). Suppose 2*j = -3*j + 20. Suppose 0 = i + j*i - 105. What is the greatest common factor of m and i?
7
Let j be ((-5)/(-3))/(-5*(-4)/60). Let b = -3 + 8. What is the greatest common factor of b and j?
5
Suppose 54 + 6 = 3*s. Calculate the greatest common factor of 50 and s.
10
Let i = 24 + -21. Let p = i + 0. Calculate the highest common divisor of 27 and p.
3
Let d(x) = -x - 2. Let h be d(-2). Suppose h*c = c - 24. Let m = -42 + 102. Calculate the greatest common divisor of m and c.
12
Let b(q) = -6*q. Let c be b(-1). Let i = c + 5. Let v = -7 + i. What is the greatest common factor of 24 and v?
4
Let l(m) = -m**2 + 5*m + 2 + 2*m**2 - m. Let a be l(-4). What is the greatest common factor of 4 and a?
2
Let r(i) = 11*i + 14. Let y be r(0). What is the highest common divisor of 28 and y?
14
Let v be ((-40)/(-30))/((-4)/(-6)). Suppose 36 = t + v*t. What is the highest common divisor of t and 60?
12
Let x = 26 - 19. Let f(r) = -r + 4. Let b be f(-3). Calculate the greatest common factor of x and b.
7
Suppose -b + 13 = 1. Let i = b + -5. What is the greatest common divisor of i and 1?
1
Suppose -4*z + 4 + 0 = 0. Let u = z + -1. Suppose u = -2*o - 2*o + 72. Calculate the greatest common factor of 3 and o.
3
Let m = 115 - 89. What is the greatest common factor of 65 and m?
13
Let b be 12/(-4) + 11 - 0. Suppose -2*u + 44 = b. What is the greatest common divisor of u and 9?
9
Let m be (-4)/(-18) + 340/90. Let y = 14 - m. Calculate the greatest common divisor of 5 and y.
5
Let s be (1 - 3)*(-1 - 819/6). What is the greatest common divisor of 25 and s?
25
Let b(t) = -t**3 + 4*t**2 + t - 2. Let r be b(4). Let a(q) = q**2 - 3*q - 3*q + r + 0*q - 2*q. Let x be a(8). What is the greatest common divisor of x and 10?
2
Let q = 13 - 4. Let i(a) = a**2 - 9*a + 3. Let n be i(q). What is the highest common factor of 3 and n?
3
Suppose 0*o = -o - f + 310, 325 = o - 2*f. Calculate the highest common divisor of 35 and o.
35
Let h(p) = -10*p + 138. Let l be h(0). What is the greatest common factor of 46 and l?
46
Let l be 0 - (2 - (5 - 1)). Suppose g - 2 = l. Let m be (31 - 1)/(-2 + g). Calculate the g